Last updated on 2024-05-20 18:53:05 CEST.
Flavor | Version | Tinstall | Tcheck | Ttotal | Status | Flags |
---|---|---|---|---|---|---|
r-devel-linux-x86_64-debian-clang | 1.1.4 | 53.80 | 49.32 | 103.12 | OK | |
r-devel-linux-x86_64-debian-gcc | 1.1.4 | 49.32 | 36.73 | 86.05 | OK | |
r-devel-linux-x86_64-fedora-clang | 1.1.4 | 143.03 | OK | |||
r-devel-linux-x86_64-fedora-gcc | 1.1.4 | 154.00 | OK | |||
r-devel-windows-x86_64 | 1.1.4 | 41.00 | 91.00 | 132.00 | OK | |
r-patched-linux-x86_64 | 1.1.4 | 59.47 | 50.46 | 109.93 | OK | |
r-release-linux-x86_64 | 1.1.4 | 50.95 | 48.89 | 99.84 | OK | |
r-release-macos-arm64 | 1.1.4 | 36.00 | NOTE | |||
r-release-macos-x86_64 | 1.1.4 | 73.00 | NOTE | |||
r-release-windows-x86_64 | 1.1.4 | 44.00 | 90.00 | 134.00 | OK | |
r-oldrel-macos-arm64 | 1.1.4 | 45.00 | NOTE | |||
r-oldrel-macos-x86_64 | 1.1.4 | 69.00 | NOTE | |||
r-oldrel-windows-x86_64 | 1.1.4 | 53.00 | 103.00 | 156.00 | OK |
Version: 1.1.4
Check: installed package size
Result: NOTE
installed size is 6.1Mb
sub-directories of 1Mb or more:
libs 6.0Mb
Flavors: r-release-macos-arm64, r-release-macos-x86_64, r-oldrel-macos-arm64, r-oldrel-macos-x86_64