Last updated on 2024-05-20 18:53:09 CEST.
Flavor | Version | Tinstall | Tcheck | Ttotal | Status | Flags |
---|---|---|---|---|---|---|
r-devel-linux-x86_64-debian-clang | 1.3.2 | 53.77 | 251.85 | 305.62 | OK | |
r-devel-linux-x86_64-debian-gcc | 1.3.2 | 36.16 | 189.37 | 225.53 | OK | |
r-devel-linux-x86_64-fedora-clang | 1.3.2 | 407.29 | NOTE | |||
r-devel-linux-x86_64-fedora-gcc | 1.3.2 | 403.76 | OK | |||
r-devel-windows-x86_64 | 1.3.2 | 40.00 | 224.00 | 264.00 | OK | |
r-patched-linux-x86_64 | 1.3.2 | 53.38 | 264.49 | 317.87 | OK | |
r-release-linux-x86_64 | 1.3.2 | 53.21 | 263.08 | 316.29 | OK | |
r-release-macos-arm64 | 1.3.2 | 83.00 | OK | |||
r-release-windows-x86_64 | 1.3.2 | 43.00 | 208.00 | 251.00 | OK | |
r-oldrel-macos-arm64 | 1.3.2 | 86.00 | OK | |||
r-oldrel-macos-x86_64 | 1.3.2 | 222.00 | OK | |||
r-oldrel-windows-x86_64 | 1.3.2 | 51.00 | 259.00 | 310.00 | OK |
Version: 1.3.2
Check: Rd cross-references
Result: NOTE
Undeclared package ‘FCPS’ in Rd xrefs
Flavor: r-devel-linux-x86_64-fedora-clang