Last updated on 2024-05-20 18:53:13 CEST.
Flavor | Version | Tinstall | Tcheck | Ttotal | Status | Flags |
---|---|---|---|---|---|---|
r-devel-linux-x86_64-debian-clang | 7.3.1 | 29.78 | 449.45 | 479.23 | OK | |
r-devel-linux-x86_64-debian-gcc | 7.3.1 | 18.04 | 312.37 | 330.41 | OK | |
r-devel-linux-x86_64-fedora-clang | 7.3.1 | 553.92 | OK | |||
r-devel-linux-x86_64-fedora-gcc | 7.3.1 | 554.42 | OK | |||
r-devel-windows-x86_64 | 7.3.1 | 26.00 | 328.00 | 354.00 | OK | |
r-patched-linux-x86_64 | 7.3.1 | 24.87 | 423.30 | 448.17 | OK | |
r-release-linux-x86_64 | 7.3.1 | 21.78 | 410.70 | 432.48 | OK | |
r-release-macos-arm64 | 7.3.1 | 138.00 | NOTE | |||
r-release-macos-x86_64 | 7.3.1 | 413.00 | NOTE | |||
r-release-windows-x86_64 | 7.3.1 | 26.00 | 332.00 | 358.00 | OK | |
r-oldrel-macos-arm64 | 7.3.1 | 140.00 | NOTE | |||
r-oldrel-macos-x86_64 | 7.3.1 | 370.00 | NOTE | |||
r-oldrel-windows-x86_64 | 7.3.1 | 33.00 | 415.00 | 448.00 | OK |
Version: 7.3.1
Check: package dependencies
Result: NOTE
Package suggested but not available for checking: ‘Rmpi’
Flavors: r-release-macos-arm64, r-release-macos-x86_64, r-oldrel-macos-arm64, r-oldrel-macos-x86_64