Last updated on 2024-05-13 00:51:43 CEST.
Flavor | Version | Tinstall | Tcheck | Ttotal | Status | Flags |
---|---|---|---|---|---|---|
r-devel-linux-x86_64-debian-clang | 0.2-10 | 160.28 | 31.38 | 191.66 | OK | |
r-devel-linux-x86_64-debian-gcc | 0.2-10 | 122.52 | 23.56 | 146.08 | OK | |
r-devel-linux-x86_64-fedora-clang | 0.2-10 | 350.58 | OK | |||
r-devel-linux-x86_64-fedora-gcc | 0.2-10 | 327.52 | OK | |||
r-devel-windows-x86_64 | 0.2-10 | 146.00 | 99.00 | 245.00 | OK | |
r-patched-linux-x86_64 | 0.2-10 | 158.17 | 30.10 | 188.27 | OK | |
r-release-linux-x86_64 | 0.2-10 | 159.24 | 29.35 | 188.59 | OK | |
r-release-macos-arm64 | 0.2-10 | 57.00 | NOTE | |||
r-release-windows-x86_64 | 0.2-10 | 148.00 | 100.00 | 248.00 | OK | |
r-oldrel-macos-arm64 | 0.2-10 | 67.00 | NOTE | |||
r-oldrel-macos-x86_64 | 0.2-10 | 69.00 | NOTE | |||
r-oldrel-windows-x86_64 | 0.2-10 | 163.00 | 235.00 | 398.00 | OK |
Version: 0.2-10
Check: installed package size
Result: NOTE
installed size is 8.5Mb
sub-directories of 1Mb or more:
libs 8.4Mb
Flavors: r-release-macos-arm64, r-oldrel-macos-arm64, r-oldrel-macos-x86_64