Last updated on 2024-05-20 18:53:05 CEST.
Flavor | Version | Tinstall | Tcheck | Ttotal | Status | Flags |
---|---|---|---|---|---|---|
r-devel-linux-x86_64-debian-clang | 1.3.1 | 16.11 | 98.63 | 114.74 | OK | |
r-devel-linux-x86_64-debian-gcc | 1.3.1 | 11.29 | 68.79 | 80.08 | OK | |
r-devel-linux-x86_64-fedora-clang | 1.3.1 | 135.54 | NOTE | |||
r-devel-linux-x86_64-fedora-gcc | 1.3.1 | 139.38 | NOTE | |||
r-devel-windows-x86_64 | 1.3.1 | 13.00 | 97.00 | 110.00 | OK | |
r-patched-linux-x86_64 | 1.3.1 | 13.86 | 89.65 | 103.51 | OK | |
r-release-linux-x86_64 | 1.3.1 | 13.33 | 89.62 | 102.95 | OK | |
r-release-macos-arm64 | 1.3.1 | 42.00 | OK | |||
r-release-windows-x86_64 | 1.3.1 | 15.00 | 100.00 | 115.00 | OK | |
r-oldrel-macos-arm64 | 1.3.1 | 45.00 | OK | |||
r-oldrel-macos-x86_64 | 1.3.1 | 82.00 | OK | |||
r-oldrel-windows-x86_64 | 1.3.1 | 17.00 | 115.00 | 132.00 | OK |
Version: 1.3.1
Check: data for non-ASCII characters
Result: NOTE
Note: found 305 marked UTF-8 strings
Flavors: r-devel-linux-x86_64-fedora-clang, r-devel-linux-x86_64-fedora-gcc