Last updated on 2024-05-20 18:53:12 CEST.
Flavor | Version | Tinstall | Tcheck | Ttotal | Status | Flags |
---|---|---|---|---|---|---|
r-devel-linux-x86_64-debian-clang | 3.5.0 | 16.64 | 162.31 | 178.95 | OK | |
r-devel-linux-x86_64-debian-gcc | 3.5.0 | 13.76 | 117.88 | 131.64 | OK | |
r-devel-linux-x86_64-fedora-clang | 3.5.0 | 220.47 | NOTE | |||
r-devel-linux-x86_64-fedora-gcc | 3.5.0 | 207.08 | OK | |||
r-devel-windows-x86_64 | 3.5.0 | 16.00 | 143.00 | 159.00 | OK | |
r-patched-linux-x86_64 | 3.5.0 | 24.45 | 153.87 | 178.32 | OK | |
r-release-linux-x86_64 | 3.5.0 | 20.27 | 153.99 | 174.26 | OK | |
r-release-macos-arm64 | 3.5.0 | 58.00 | OK | |||
r-release-macos-x86_64 | 3.5.0 | 204.00 | OK | |||
r-release-windows-x86_64 | 3.5.0 | 17.00 | 143.00 | 160.00 | OK | |
r-oldrel-macos-arm64 | 3.5.0 | 61.00 | OK | |||
r-oldrel-macos-x86_64 | 3.5.0 | 147.00 | OK | |||
r-oldrel-windows-x86_64 | 3.5.0 | 22.00 | 179.00 | 201.00 | OK |
Version: 3.5.0
Check: Rd cross-references
Result: NOTE
Undeclared package ‘chemometrics’ in Rd xrefs
Flavor: r-devel-linux-x86_64-fedora-clang