Last updated on 2024-05-20 18:53:13 CEST.
Flavor | Version | Tinstall | Tcheck | Ttotal | Status | Flags |
---|---|---|---|---|---|---|
r-devel-linux-x86_64-debian-clang | 0.2.0 | 10.59 | 118.94 | 129.53 | NOTE | |
r-devel-linux-x86_64-debian-gcc | 0.2.0 | 9.03 | 88.76 | 97.79 | NOTE | |
r-devel-linux-x86_64-fedora-clang | 0.2.0 | 158.78 | NOTE | |||
r-devel-linux-x86_64-fedora-gcc | 0.2.0 | 168.06 | NOTE | |||
r-devel-windows-x86_64 | 0.2.0 | 50.00 | 525.00 | 575.00 | NOTE | |
r-patched-linux-x86_64 | 0.2.0 | 10.86 | 113.68 | 124.54 | NOTE | |
r-release-linux-x86_64 | 0.2.0 | 11.01 | 115.17 | 126.18 | NOTE | |
r-release-macos-arm64 | 0.2.0 | 55.00 | NOTE | |||
r-release-windows-x86_64 | 0.2.0 | 52.00 | 530.00 | 582.00 | NOTE | |
r-oldrel-macos-arm64 | 0.2.0 | 56.00 | OK | |||
r-oldrel-macos-x86_64 | 0.2.0 | 92.00 | OK | |||
r-oldrel-windows-x86_64 | 0.2.0 | 20.00 | 215.00 | 235.00 | OK |
Version: 0.2.0
Check: Rd files
Result: NOTE
checkRd: (-1) iterate_matrix.Rd:32-33: Lost braces in \itemize; \value handles \item{}{} directly
checkRd: (-1) iterate_matrix.Rd:34-36: Lost braces in \itemize; \value handles \item{}{} directly
checkRd: (-1) iterate_matrix.Rd:37-38: Lost braces in \itemize; \value handles \item{}{} directly
checkRd: (-1) iterate_matrix.Rd:39-41: Lost braces in \itemize; \value handles \item{}{} directly
checkRd: (-1) iterate_matrix.Rd:42-44: Lost braces in \itemize; \value handles \item{}{} directly
Flavors: r-devel-linux-x86_64-debian-clang, r-devel-linux-x86_64-debian-gcc, r-devel-linux-x86_64-fedora-clang, r-devel-linux-x86_64-fedora-gcc, r-devel-windows-x86_64, r-patched-linux-x86_64, r-release-linux-x86_64, r-release-macos-arm64, r-release-windows-x86_64