Last updated on 2024-05-20 18:53:14 CEST.
Flavor | Version | Tinstall | Tcheck | Ttotal | Status | Flags |
---|---|---|---|---|---|---|
r-devel-linux-x86_64-debian-clang | 0.4.2 | 33.72 | 69.27 | 102.99 | NOTE | |
r-devel-linux-x86_64-debian-gcc | 0.4.2 | 23.19 | 50.98 | 74.17 | NOTE | |
r-devel-linux-x86_64-fedora-clang | 0.4.2 | 138.23 | NOTE | |||
r-devel-linux-x86_64-fedora-gcc | 0.4.2 | 142.39 | NOTE | |||
r-devel-windows-x86_64 | 0.4.2 | 27.00 | 92.00 | 119.00 | NOTE | |
r-patched-linux-x86_64 | 0.4.2 | 20.16 | 65.34 | 85.50 | NOTE | |
r-release-linux-x86_64 | 0.4.2 | 23.30 | 65.05 | 88.35 | NOTE | |
r-release-macos-arm64 | 0.4.2 | 42.00 | NOTE | |||
r-release-macos-x86_64 | 0.4.2 | 110.00 | NOTE | |||
r-release-windows-x86_64 | 0.4.2 | 28.00 | 88.00 | 116.00 | NOTE | |
r-oldrel-macos-arm64 | 0.4.2 | 47.00 | NOTE | |||
r-oldrel-macos-x86_64 | 0.4.2 | 86.00 | NOTE | |||
r-oldrel-windows-x86_64 | 0.4.2 | 35.00 | 104.00 | 139.00 | NOTE |
Version: 0.4.2
Check: package dependencies
Result: NOTE
Package suggested but not available for checking: ‘accdata’
Flavors: r-devel-linux-x86_64-debian-clang, r-devel-linux-x86_64-debian-gcc, r-devel-linux-x86_64-fedora-clang, r-devel-linux-x86_64-fedora-gcc, r-devel-windows-x86_64, r-patched-linux-x86_64, r-release-linux-x86_64, r-release-macos-arm64, r-release-macos-x86_64, r-release-windows-x86_64, r-oldrel-macos-arm64, r-oldrel-macos-x86_64, r-oldrel-windows-x86_64