Last updated on 2024-05-09 11:49:52 CEST.
Flavor | Version | Tinstall | Tcheck | Ttotal | Status | Flags |
---|---|---|---|---|---|---|
r-devel-linux-x86_64-debian-clang | 1.36.1 | 49.36 | 146.17 | 195.53 | OK | |
r-devel-linux-x86_64-debian-gcc | 1.36.1 | 38.15 | 104.98 | 143.13 | OK | |
r-devel-linux-x86_64-fedora-clang | 1.36.1 | 244.93 | OK | |||
r-devel-linux-x86_64-fedora-gcc | 1.36.1 | 323.99 | OK | |||
r-devel-windows-x86_64 | 1.36.1 | 47.00 | 156.00 | 203.00 | OK | |
r-patched-linux-x86_64 | 1.36.1 | 45.20 | 135.61 | 180.81 | OK | |
r-release-linux-x86_64 | 1.36.1 | 45.93 | 133.51 | 179.44 | OK | |
r-release-macos-arm64 | 1.36.1 | 80.00 | NOTE | |||
r-release-macos-x86_64 | 1.36.1 | 198.00 | NOTE | |||
r-release-windows-x86_64 | 1.36.1 | 45.00 | 158.00 | 203.00 | OK | |
r-oldrel-macos-arm64 | 1.36.1 | 83.00 | NOTE | |||
r-oldrel-macos-x86_64 | 1.36.1 | 180.00 | NOTE | |||
r-oldrel-windows-x86_64 | 1.36.1 | 58.00 | 178.00 | 236.00 | OK |
Version: 1.36.1
Check: installed package size
Result: NOTE
installed size is 6.0Mb
sub-directories of 1Mb or more:
libs 3.6Mb
Flavors: r-release-macos-arm64, r-release-macos-x86_64, r-oldrel-macos-arm64, r-oldrel-macos-x86_64