Last updated on 2024-05-11 11:48:29 CEST.
Flavor | Version | Tinstall | Tcheck | Ttotal | Status | Flags |
---|---|---|---|---|---|---|
r-devel-linux-x86_64-debian-clang | 0.4-0 | 5.99 | 48.33 | 54.32 | NOTE | |
r-devel-linux-x86_64-debian-gcc | 0.4-0 | 4.59 | 35.91 | 40.50 | NOTE | |
r-devel-linux-x86_64-fedora-clang | 0.4-0 | 65.68 | NOTE | |||
r-devel-linux-x86_64-fedora-gcc | 0.4-0 | 111.86 | NOTE | |||
r-devel-windows-x86_64 | 0.4-0 | 6.00 | 59.00 | 65.00 | NOTE | |
r-patched-linux-x86_64 | 0.4-0 | 6.15 | 45.14 | 51.29 | NOTE | |
r-release-linux-x86_64 | 0.4-0 | 5.16 | 45.75 | 50.91 | NOTE | |
r-release-macos-arm64 | 0.4-0 | 25.00 | NOTE | |||
r-release-windows-x86_64 | 0.4-0 | 6.00 | 58.00 | 64.00 | NOTE | |
r-oldrel-macos-arm64 | 0.4-0 | 23.00 | NOTE | |||
r-oldrel-macos-x86_64 | 0.4-0 | 33.00 | NOTE | |||
r-oldrel-windows-x86_64 | 0.4-0 | 8.00 | 64.00 | 72.00 | NOTE |
Version: 0.4-0
Check: Rd files
Result: NOTE
checkRd: (-1) NlistServersInCategory.Rd:11: Escaped LaTeX specials: \_
Flavors: r-devel-linux-x86_64-debian-clang, r-devel-linux-x86_64-debian-gcc, r-devel-linux-x86_64-fedora-clang, r-devel-linux-x86_64-fedora-gcc, r-devel-windows-x86_64, r-patched-linux-x86_64, r-release-linux-x86_64, r-release-macos-arm64, r-release-windows-x86_64, r-oldrel-macos-arm64, r-oldrel-macos-x86_64, r-oldrel-windows-x86_64