Last updated on 2024-05-10 23:53:01 CEST.
Flavor | Version | Tinstall | Tcheck | Ttotal | Status | Flags |
---|---|---|---|---|---|---|
r-devel-linux-x86_64-debian-clang | 1.6.0.3 | 103.89 | 117.57 | 221.46 | NOTE | |
r-devel-linux-x86_64-debian-gcc | 1.6.0.3 | 83.00 | 83.57 | 166.57 | NOTE | |
r-devel-linux-x86_64-fedora-clang | 1.6.0.3 | 317.36 | NOTE | |||
r-devel-linux-x86_64-fedora-gcc | 1.6.0.3 | 383.10 | NOTE | |||
r-devel-windows-x86_64 | 1.6.0.3 | 93.00 | 138.00 | 231.00 | NOTE | |
r-patched-linux-x86_64 | 1.6.0.3 | 108.56 | 110.27 | 218.83 | NOTE | |
r-release-linux-x86_64 | 1.6.0.3 | 103.17 | 107.18 | 210.35 | NOTE | |
r-release-macos-arm64 | 1.6.0.3 | 66.00 | NOTE | |||
r-release-windows-x86_64 | 1.6.0.3 | 94.00 | 134.00 | 228.00 | NOTE | |
r-oldrel-macos-arm64 | 1.6.0.3 | 74.00 | OK | |||
r-oldrel-macos-x86_64 | 1.6.0.3 | 126.00 | OK | |||
r-oldrel-windows-x86_64 | 1.6.0.3 | 114.00 | 158.00 | 272.00 | OK |
Version: 1.6.0.3
Check: Rd files
Result: NOTE
checkRd: (-1) getGlobalOptimum.Rd:16: Lost braces in \itemize; \value handles \item{}{} directly
checkRd: (-1) getGlobalOptimum.Rd:17: Lost braces in \itemize; \value handles \item{}{} directly
checkRd: (-1) getGlobalOptimum.Rd:18: Lost braces in \itemize; \value handles \item{}{} directly
checkRd: (-1) getLocalOptimum.Rd:16: Lost braces in \itemize; \value handles \item{}{} directly
checkRd: (-1) getLocalOptimum.Rd:17: Lost braces in \itemize; \value handles \item{}{} directly
checkRd: (-1) getLocalOptimum.Rd:18: Lost braces in \itemize; \value handles \item{}{} directly
checkRd: (-1) smoof_function.Rd:10: Lost braces
10 | or code{smoof_multi_objective_function}. Both single- and multi-objective functions share the following attributes.
| ^
Flavors: r-devel-linux-x86_64-debian-clang, r-devel-linux-x86_64-debian-gcc, r-devel-linux-x86_64-fedora-clang, r-devel-linux-x86_64-fedora-gcc, r-devel-windows-x86_64, r-patched-linux-x86_64, r-release-linux-x86_64, r-release-macos-arm64, r-release-windows-x86_64