Last updated on 2024-05-20 18:53:28 CEST.
Flavor | Version | Tinstall | Tcheck | Ttotal | Status | Flags |
---|---|---|---|---|---|---|
r-devel-linux-x86_64-debian-clang | 0.2.6 | 7.72 | 74.51 | 82.23 | NOTE | |
r-devel-linux-x86_64-debian-gcc | 0.2.6 | 6.18 | 56.26 | 62.44 | NOTE | |
r-devel-linux-x86_64-fedora-clang | 0.2.6 | 106.61 | NOTE | |||
r-devel-linux-x86_64-fedora-gcc | 0.2.6 | 108.59 | NOTE | |||
r-devel-windows-x86_64 | 0.2.6 | 8.00 | 78.00 | 86.00 | NOTE | |
r-patched-linux-x86_64 | 0.2.6 | 5.95 | 70.57 | 76.52 | NOTE | |
r-release-linux-x86_64 | 0.2.6 | 4.63 | 70.81 | 75.44 | NOTE | |
r-release-macos-arm64 | 0.2.6 | 58.00 | NOTE | |||
r-release-windows-x86_64 | 0.2.6 | 10.00 | 80.00 | 90.00 | NOTE | |
r-oldrel-macos-arm64 | 0.2.6 | 46.00 | OK | |||
r-oldrel-macos-x86_64 | 0.2.6 | 82.00 | OK | |||
r-oldrel-windows-x86_64 | 0.2.6 | 10.00 | 84.00 | 94.00 | OK |
Version: 0.2.6
Check: Rd files
Result: NOTE
checkRd: (-1) statcan_data.Rd:22: Lost braces; missing escapes or markup?
22 | \code{statcan_data()} function has 2 arguments to fulfill to get data: {tableNumber} & {lang}.
| ^
checkRd: (-1) statcan_data.Rd:22: Lost braces; missing escapes or markup?
22 | \code{statcan_data()} function has 2 arguments to fulfill to get data: {tableNumber} & {lang}.
| ^
checkRd: (-1) statcan_search.Rd:18: Lost braces; missing escapes or markup?
18 | The \code{statcan_search()} function has 2 arguments to fulfill to find a database: {keywords} and {lang}.
| ^
checkRd: (-1) statcan_search.Rd:18: Lost braces; missing escapes or markup?
18 | The \code{statcan_search()} function has 2 arguments to fulfill to find a database: {keywords} and {lang}.
| ^
Flavors: r-devel-linux-x86_64-debian-clang, r-devel-linux-x86_64-debian-gcc, r-devel-linux-x86_64-fedora-clang, r-devel-linux-x86_64-fedora-gcc, r-devel-windows-x86_64, r-patched-linux-x86_64, r-release-linux-x86_64, r-release-macos-arm64, r-release-windows-x86_64