Last updated on 2024-05-05 20:53:06 CEST.
Flavor | Version | Tinstall | Tcheck | Ttotal | Status | Flags |
---|---|---|---|---|---|---|
r-devel-linux-x86_64-debian-clang | 1.1.1 | 5.97 | 96.27 | 102.24 | NOTE | |
r-devel-linux-x86_64-debian-gcc | 1.1.1 | 4.00 | 69.38 | 73.38 | NOTE | |
r-devel-linux-x86_64-fedora-clang | 1.1.1 | 126.51 | NOTE | |||
r-devel-linux-x86_64-fedora-gcc | 1.1.1 | 132.31 | NOTE | |||
r-devel-windows-x86_64 | 1.1.1 | 6.00 | 96.00 | 102.00 | NOTE | |
r-patched-linux-x86_64 | 1.1.1 | 5.96 | 92.10 | 98.06 | NOTE | |
r-release-linux-x86_64 | 1.1.1 | 5.17 | 90.76 | 95.93 | NOTE | |
r-release-macos-arm64 | 1.1.1 | 39.00 | NOTE | |||
r-release-windows-x86_64 | 1.1.1 | 7.00 | 95.00 | 102.00 | NOTE | |
r-oldrel-macos-arm64 | 1.1.1 | 39.00 | OK | |||
r-oldrel-macos-x86_64 | 1.1.1 | 63.00 | OK | |||
r-oldrel-windows-x86_64 | 1.1.1 | 8.00 | 110.00 | 118.00 | OK |
Version: 1.1.1
Check: Rd files
Result: NOTE
checkRd: (-1) AmpliconDuo-package.Rd:37-39: Lost braces in \itemize; meant \describe ?
checkRd: (-1) AmpliconDuo-package.Rd:40-42: Lost braces in \itemize; meant \describe ?
checkRd: (-1) AmpliconDuo-package.Rd:43-46: Lost braces in \itemize; meant \describe ?
checkRd: (-1) AmpliconDuo-package.Rd:47-49: Lost braces in \itemize; meant \describe ?
checkRd: (-1) AmpliconDuo-package.Rd:50-52: Lost braces in \itemize; meant \describe ?
checkRd: (-1) AmpliconDuo-package.Rd:53-55: Lost braces in \itemize; meant \describe ?
checkRd: (-1) AmpliconDuo-package.Rd:56-58: Lost braces in \itemize; meant \describe ?
Flavors: r-devel-linux-x86_64-debian-clang, r-devel-linux-x86_64-debian-gcc, r-devel-linux-x86_64-fedora-clang, r-devel-linux-x86_64-fedora-gcc, r-devel-windows-x86_64, r-patched-linux-x86_64, r-release-linux-x86_64, r-release-macos-arm64, r-release-windows-x86_64