Last updated on 2024-05-05 20:53:06 CEST.
Flavor | Version | Tinstall | Tcheck | Ttotal | Status | Flags |
---|---|---|---|---|---|---|
r-devel-linux-x86_64-debian-clang | 0.1.5 | 0.39 | 2.09 | 2.48 | ERROR | |
r-devel-linux-x86_64-debian-gcc | 0.1.5 | 29.98 | 235.32 | 265.30 | OK | |
r-devel-linux-x86_64-fedora-clang | 0.1.5 | 498.95 | OK | |||
r-devel-linux-x86_64-fedora-gcc | 0.1.5 | 441.78 | OK | |||
r-devel-windows-x86_64 | 0.1.5 | 33.00 | 243.00 | 276.00 | OK | |
r-patched-linux-x86_64 | 0.1.5 | 32.18 | 319.90 | 352.08 | OK | |
r-release-linux-x86_64 | 0.1.5 | 34.03 | 312.48 | 346.51 | OK | |
r-release-macos-arm64 | 0.1.5 | 119.00 | OK | |||
r-release-macos-x86_64 | 0.1.5 | 223.00 | OK | |||
r-release-windows-x86_64 | 0.1.5 | 35.00 | 240.00 | 275.00 | OK | |
r-oldrel-macos-arm64 | 0.1.5 | 114.00 | OK | |||
r-oldrel-macos-x86_64 | 0.1.5 | 170.00 | OK | |||
r-oldrel-windows-x86_64 | 0.1.5 | 45.00 | 315.00 | 360.00 | OK |
Version: 0.1.5
Check: package dependencies
Result: ERROR
Package required but not available: ‘DESeq2’
See section ‘The DESCRIPTION file’ in the ‘Writing R Extensions’
manual.
Flavor: r-devel-linux-x86_64-debian-clang