Last updated on 2024-05-02 14:53:47 CEST.
Flavor | Version | Tinstall | Tcheck | Ttotal | Status | Flags |
---|---|---|---|---|---|---|
r-devel-linux-x86_64-debian-clang | 2.1-7 | 237.69 | 105.37 | 343.06 | OK | |
r-devel-linux-x86_64-debian-gcc | 2.1-7 | 176.74 | 77.60 | 254.34 | OK | |
r-devel-linux-x86_64-fedora-clang | 2.1-7 | 451.56 | NOTE | |||
r-devel-linux-x86_64-fedora-gcc | 2.1-7 | 525.51 | OK | |||
r-devel-windows-x86_64 | 2.1-7 | 170.00 | 124.00 | 294.00 | NOTE | |
r-patched-linux-x86_64 | 2.1-7 | 238.10 | 99.45 | 337.55 | OK | |
r-release-linux-x86_64 | 2.1-7 | 227.44 | 101.43 | 328.87 | OK | |
r-release-macos-arm64 | 2.1-7 | 110.00 | NOTE | |||
r-release-macos-x86_64 | 2.1-7 | 195.00 | NOTE | |||
r-release-windows-x86_64 | 2.1-7 | 172.00 | 127.00 | 299.00 | NOTE | |
r-oldrel-macos-arm64 | 2.1-7 | 111.00 | NOTE | |||
r-oldrel-macos-x86_64 | 2.1-7 | 169.00 | NOTE | |||
r-oldrel-windows-x86_64 | 2.1-7 | 207.00 | 147.00 | 354.00 | NOTE |
Version: 2.1-7
Check: installed package size
Result: NOTE
installed size is 5.4Mb
sub-directories of 1Mb or more:
data 1.5Mb
doc 1.4Mb
libs 1.6Mb
Flavors: r-devel-linux-x86_64-fedora-clang, r-devel-windows-x86_64, r-release-macos-arm64, r-release-macos-x86_64, r-release-windows-x86_64, r-oldrel-macos-arm64, r-oldrel-macos-x86_64, r-oldrel-windows-x86_64