Last updated on 2024-05-05 20:53:07 CEST.
Flavor | Version | Tinstall | Tcheck | Ttotal | Status | Flags |
---|---|---|---|---|---|---|
r-devel-linux-x86_64-debian-clang | 0.3.1 | 4.67 | 48.60 | 53.27 | NOTE | |
r-devel-linux-x86_64-debian-gcc | 0.3.1 | 4.88 | 35.73 | 40.61 | OK | |
r-devel-linux-x86_64-fedora-clang | 0.3.1 | 69.34 | OK | |||
r-devel-linux-x86_64-fedora-gcc | 0.3.1 | 61.30 | OK | |||
r-devel-windows-x86_64 | 0.3.1 | 5.00 | 51.00 | 56.00 | OK | |
r-patched-linux-x86_64 | 0.3.1 | 5.11 | 45.41 | 50.52 | OK | |
r-release-linux-x86_64 | 0.3.1 | 6.32 | 45.78 | 52.10 | OK | |
r-release-macos-arm64 | 0.3.1 | 25.00 | OK | |||
r-release-macos-x86_64 | 0.3.1 | 42.00 | OK | |||
r-release-windows-x86_64 | 0.3.1 | 5.00 | 53.00 | 58.00 | OK | |
r-oldrel-macos-arm64 | 0.3.1 | 23.00 | OK | |||
r-oldrel-macos-x86_64 | 0.3.1 | 35.00 | OK | |||
r-oldrel-windows-x86_64 | 0.3.1 | 6.00 | 58.00 | 64.00 | OK |
Version: 0.3.1
Check: package dependencies
Result: NOTE
Package suggested but not available for checking: ‘biomaRt’
Flavor: r-devel-linux-x86_64-debian-clang