Last updated on 2024-05-05 20:53:07 CEST.
Flavor | Version | Tinstall | Tcheck | Ttotal | Status | Flags |
---|---|---|---|---|---|---|
r-devel-linux-x86_64-debian-clang | 1.1.3 | 0.43 | 2.33 | 2.76 | ERROR | |
r-devel-linux-x86_64-debian-gcc | 1.1.3 | 20.34 | 161.22 | 181.56 | OK | |
r-devel-linux-x86_64-fedora-clang | 1.1.3 | 324.53 | OK | |||
r-devel-linux-x86_64-fedora-gcc | 1.1.3 | 295.75 | OK | |||
r-devel-windows-x86_64 | 1.1.3 | 22.00 | 150.00 | 172.00 | OK | |
r-patched-linux-x86_64 | 1.1.3 | 14.00 | 208.90 | 222.90 | OK | |
r-release-linux-x86_64 | 1.1.3 | 14.89 | 207.57 | 222.46 | OK | |
r-release-macos-arm64 | 1.1.3 | 84.00 | OK | |||
r-release-macos-x86_64 | 1.1.3 | 190.00 | OK | |||
r-release-windows-x86_64 | 1.1.3 | 21.00 | 154.00 | 175.00 | OK | |
r-oldrel-macos-arm64 | 1.1.3 | 84.00 | OK | |||
r-oldrel-macos-x86_64 | 1.1.3 | 147.00 | OK | |||
r-oldrel-windows-x86_64 | 1.1.3 | 29.00 | 194.00 | 223.00 | OK |
Version: 1.1.3
Check: package dependencies
Result: ERROR
Package required but not available: ‘biomaRt’
See section ‘The DESCRIPTION file’ in the ‘Writing R Extensions’
manual.
Flavor: r-devel-linux-x86_64-debian-clang