Last updated on 2024-05-02 02:57:37 CEST.
Flavor | Version | Tinstall | Tcheck | Ttotal | Status | Flags |
---|---|---|---|---|---|---|
r-devel-linux-x86_64-debian-clang | 1.2.7 | 12.00 | 109.75 | 121.75 | OK | |
r-devel-linux-x86_64-debian-gcc | 1.2.7 | 8.82 | 80.09 | 88.91 | OK | |
r-devel-linux-x86_64-fedora-clang | 1.2.7 | 156.42 | NOTE | |||
r-devel-linux-x86_64-fedora-gcc | 1.2.7 | 153.30 | OK | |||
r-devel-windows-x86_64 | 1.2.7 | 12.00 | 142.00 | 154.00 | OK | |
r-patched-linux-x86_64 | 1.2.7 | 10.08 | 104.53 | 114.61 | OK | |
r-release-linux-x86_64 | 1.2.7 | 13.01 | 101.41 | 114.42 | OK | |
r-release-macos-arm64 | 1.2.7 | 49.00 | OK | |||
r-release-windows-x86_64 | 1.2.7 | 13.00 | 126.00 | 139.00 | OK | |
r-oldrel-macos-arm64 | 1.2.7 | 52.00 | OK | |||
r-oldrel-macos-x86_64 | 1.2.7 | 83.00 | OK | |||
r-oldrel-windows-x86_64 | 1.2.7 | 15.00 | 135.00 | 150.00 | OK |
Version: 1.2.7
Check: Rd cross-references
Result: NOTE
Undeclared package ‘copula’ in Rd xrefs
Flavor: r-devel-linux-x86_64-fedora-clang