Last updated on 2024-05-05 20:53:10 CEST.
Flavor | Version | Tinstall | Tcheck | Ttotal | Status | Flags |
---|---|---|---|---|---|---|
r-devel-linux-x86_64-debian-clang | 0.1.5 | 81.69 | 67.75 | 149.44 | NOTE | |
r-devel-linux-x86_64-debian-gcc | 0.1.5 | 81.01 | 56.81 | 137.82 | NOTE | |
r-devel-linux-x86_64-fedora-clang | 0.1.5 | 187.74 | NOTE | |||
r-devel-linux-x86_64-fedora-gcc | 0.1.5 | 221.77 | NOTE | |||
r-devel-windows-x86_64 | 0.1.5 | 62.00 | 86.00 | 148.00 | NOTE | |
r-patched-linux-x86_64 | 0.1.5 | 82.50 | 68.52 | 151.02 | NOTE | |
r-release-linux-x86_64 | 0.1.5 | 85.37 | 70.67 | 156.04 | NOTE | |
r-release-macos-arm64 | 0.1.5 | 49.00 | NOTE | |||
r-release-windows-x86_64 | 0.1.5 | 63.00 | 88.00 | 151.00 | NOTE | |
r-oldrel-macos-arm64 | 0.1.5 | 61.00 | NOTE | |||
r-oldrel-macos-x86_64 | 0.1.5 | 92.00 | NOTE | |||
r-oldrel-windows-x86_64 | 0.1.5 | 78.00 | 104.00 | 182.00 | NOTE |
Version: 0.1.5
Check: C++ specification
Result: NOTE
Specified C++11: please drop specification unless essential
Flavors: r-devel-linux-x86_64-debian-clang, r-devel-linux-x86_64-debian-gcc, r-devel-linux-x86_64-fedora-clang, r-devel-linux-x86_64-fedora-gcc, r-devel-windows-x86_64, r-patched-linux-x86_64, r-release-linux-x86_64, r-release-macos-arm64, r-release-windows-x86_64, r-oldrel-macos-arm64, r-oldrel-macos-x86_64, r-oldrel-windows-x86_64
Version: 0.1.5
Check: installed package size
Result: NOTE
installed size is 29.0Mb
sub-directories of 1Mb or more:
libs 28.9Mb
Flavors: r-release-macos-arm64, r-oldrel-macos-arm64, r-oldrel-macos-x86_64