Last updated on 2024-05-05 20:53:12 CEST.
Flavor | Version | Tinstall | Tcheck | Ttotal | Status | Flags |
---|---|---|---|---|---|---|
r-devel-linux-x86_64-debian-clang | 0.1.1 | 35.93 | 28.41 | 64.34 | NOTE | |
r-devel-linux-x86_64-debian-gcc | 0.1.1 | 26.20 | 22.19 | 48.39 | NOTE | |
r-devel-linux-x86_64-fedora-clang | 0.1.1 | 88.02 | NOTE | |||
r-devel-linux-x86_64-fedora-gcc | 0.1.1 | 84.47 | NOTE | |||
r-devel-windows-x86_64 | 0.1.1 | 27.00 | 73.00 | 100.00 | NOTE | |
r-patched-linux-x86_64 | 0.1.1 | 36.84 | 26.70 | 63.54 | NOTE | |
r-release-linux-x86_64 | 0.1.1 | 32.68 | 28.00 | 60.68 | NOTE | |
r-release-macos-arm64 | 0.1.1 | 25.00 | NOTE | |||
r-release-windows-x86_64 | 0.1.1 | 27.00 | 72.00 | 99.00 | NOTE | |
r-oldrel-macos-arm64 | 0.1.1 | 27.00 | NOTE | |||
r-oldrel-macos-x86_64 | 0.1.1 | 40.00 | NOTE | |||
r-oldrel-windows-x86_64 | 0.1.1 | 34.00 | 78.00 | 112.00 | NOTE |
Version: 0.1.1
Check: LazyData
Result: NOTE
'LazyData' is specified without a 'data' directory
Flavors: r-devel-linux-x86_64-debian-clang, r-devel-linux-x86_64-debian-gcc, r-devel-linux-x86_64-fedora-clang, r-devel-linux-x86_64-fedora-gcc, r-devel-windows-x86_64, r-patched-linux-x86_64, r-release-linux-x86_64, r-release-macos-arm64, r-release-windows-x86_64, r-oldrel-macos-arm64, r-oldrel-macos-x86_64, r-oldrel-windows-x86_64
Version: 0.1.1
Check: compiled code
Result: NOTE
File ‘FastBandChol/libs/FastBandChol.so’:
Found no calls to: ‘R_registerRoutines’, ‘R_useDynamicSymbols’
It is good practice to register native routines and to disable symbol
search.
See ‘Writing portable packages’ in the ‘Writing R Extensions’ manual.
Flavors: r-devel-linux-x86_64-fedora-clang, r-devel-linux-x86_64-fedora-gcc