Last updated on 2024-04-27 11:48:46 CEST.
Flavor | Version | Tinstall | Tcheck | Ttotal | Status | Flags |
---|---|---|---|---|---|---|
r-devel-linux-x86_64-debian-clang | 0.1.1 | 89.71 | 34.55 | 124.26 | NOTE | |
r-devel-linux-x86_64-debian-gcc | 0.1.1 | 71.73 | 27.40 | 99.13 | NOTE | |
r-devel-linux-x86_64-fedora-clang | 0.1.1 | 184.19 | NOTE | |||
r-devel-linux-x86_64-fedora-gcc | 0.1.1 | 182.80 | NOTE | |||
r-devel-windows-x86_64 | 0.1.1 | 68.00 | 68.00 | 136.00 | NOTE | |
r-patched-linux-x86_64 | 0.1.1 | 90.51 | 33.98 | 124.49 | NOTE | |
r-release-linux-x86_64 | 0.1.1 | 91.93 | 34.80 | 126.73 | NOTE | |
r-release-macos-arm64 | 0.1.1 | 39.00 | NOTE | |||
r-release-windows-x86_64 | 0.1.1 | 67.00 | 67.00 | 134.00 | NOTE | |
r-oldrel-macos-arm64 | 0.1.1 | 43.00 | NOTE | |||
r-oldrel-macos-x86_64 | 0.1.1 | 83.00 | NOTE | |||
r-oldrel-windows-x86_64 | 0.1.1 | 87.00 | 77.00 | 164.00 | NOTE |
Version: 0.1.1
Check: LazyData
Result: NOTE
'LazyData' is specified without a 'data' directory
Flavors: r-devel-linux-x86_64-debian-clang, r-devel-linux-x86_64-debian-gcc, r-devel-linux-x86_64-fedora-clang, r-devel-linux-x86_64-fedora-gcc, r-devel-windows-x86_64, r-patched-linux-x86_64, r-release-linux-x86_64, r-release-macos-arm64, r-release-windows-x86_64, r-oldrel-macos-arm64, r-oldrel-macos-x86_64, r-oldrel-windows-x86_64