Last updated on 2024-04-30 13:50:49 CEST.
Flavor | Version | Tinstall | Tcheck | Ttotal | Status | Flags |
---|---|---|---|---|---|---|
r-devel-linux-x86_64-debian-clang | 0.3.0 | 92.75 | 664.19 | 756.94 | OK | |
r-devel-linux-x86_64-debian-gcc | 0.3.0 | 68.27 | 418.23 | 486.50 | OK | |
r-devel-linux-x86_64-fedora-clang | 0.3.0 | 954.20 | OK | |||
r-devel-linux-x86_64-fedora-gcc | 0.3.0 | 908.74 | OK | |||
r-devel-windows-x86_64 | 0.3.0 | 75.00 | 507.00 | 582.00 | OK | |
r-patched-linux-x86_64 | 0.3.0 | 69.68 | 590.88 | 660.56 | OK | |
r-release-linux-x86_64 | 0.3.0 | 79.65 | 594.80 | 674.45 | OK | |
r-release-macos-arm64 | 0.3.0 | 215.00 | NOTE | |||
r-release-windows-x86_64 | 0.3.0 | 77.00 | 514.00 | 591.00 | OK | |
r-oldrel-macos-arm64 | 0.3.0 | 241.00 | NOTE | |||
r-oldrel-macos-x86_64 | 0.3.0 | 422.00 | NOTE | |||
r-oldrel-windows-x86_64 | 0.3.0 | 93.00 | 654.00 | 747.00 | OK |
Version: 0.3.0
Check: installed package size
Result: NOTE
installed size is 5.7Mb
sub-directories of 1Mb or more:
doc 1.7Mb
libs 3.4Mb
Flavors: r-release-macos-arm64, r-oldrel-macos-arm64, r-oldrel-macos-x86_64