Last updated on 2024-05-05 20:53:16 CEST.
Flavor | Version | Tinstall | Tcheck | Ttotal | Status | Flags |
---|---|---|---|---|---|---|
r-devel-linux-x86_64-debian-clang | 3.2.1 | 59.92 | 68.34 | 128.26 | NOTE | |
r-devel-linux-x86_64-debian-gcc | 3.2.1 | 43.95 | 51.49 | 95.44 | NOTE | |
r-devel-linux-x86_64-fedora-clang | 3.2.1 | 169.01 | NOTE | |||
r-devel-linux-x86_64-fedora-gcc | 3.2.1 | 169.55 | NOTE | |||
r-devel-windows-x86_64 | 3.2.1 | 44.00 | 85.00 | 129.00 | NOTE | |
r-patched-linux-x86_64 | 3.2.1 | 50.81 | 64.42 | 115.23 | NOTE | |
r-release-linux-x86_64 | 3.2.1 | 62.72 | 66.11 | 128.83 | NOTE | |
r-release-macos-arm64 | 3.2.1 | 41.00 | NOTE | |||
r-release-windows-x86_64 | 3.2.1 | 46.00 | 83.00 | 129.00 | NOTE | |
r-oldrel-macos-arm64 | 3.2.1 | 51.00 | NOTE | |||
r-oldrel-macos-x86_64 | 3.2.1 | 77.00 | NOTE | |||
r-oldrel-windows-x86_64 | 3.2.1 | 55.00 | 101.00 | 156.00 | NOTE |
Version: 3.2.1
Check: C++ specification
Result: NOTE
Specified C++11: please drop specification unless essential
Flavors: r-devel-linux-x86_64-debian-clang, r-devel-linux-x86_64-debian-gcc, r-devel-linux-x86_64-fedora-clang, r-devel-linux-x86_64-fedora-gcc, r-devel-windows-x86_64, r-patched-linux-x86_64, r-release-linux-x86_64, r-release-macos-arm64, r-release-windows-x86_64, r-oldrel-macos-arm64, r-oldrel-macos-x86_64, r-oldrel-windows-x86_64
Version: 3.2.1
Check: LazyData
Result: NOTE
'LazyData' is specified without a 'data' directory
Flavors: r-devel-linux-x86_64-debian-clang, r-devel-linux-x86_64-debian-gcc, r-devel-linux-x86_64-fedora-clang, r-devel-linux-x86_64-fedora-gcc, r-devel-windows-x86_64, r-patched-linux-x86_64, r-release-linux-x86_64, r-release-macos-arm64, r-release-windows-x86_64, r-oldrel-macos-arm64, r-oldrel-macos-x86_64, r-oldrel-windows-x86_64