Last updated on 2024-05-05 20:53:21 CEST.
Flavor | Version | Tinstall | Tcheck | Ttotal | Status | Flags |
---|---|---|---|---|---|---|
r-devel-linux-x86_64-debian-clang | 1.0.0 | 4.00 | 423.06 | 427.06 | NOTE | |
r-devel-linux-x86_64-debian-gcc | 1.0.0 | 3.20 | 280.11 | 283.31 | NOTE | |
r-devel-linux-x86_64-fedora-clang | 1.0.0 | 474.99 | NOTE | |||
r-devel-linux-x86_64-fedora-gcc | 1.0.0 | 520.20 | NOTE | |||
r-devel-windows-x86_64 | 1.0.0 | 5.00 | 256.00 | 261.00 | NOTE | |
r-patched-linux-x86_64 | 1.0.0 | 2.71 | 386.06 | 388.77 | NOTE | |
r-release-linux-x86_64 | 1.0.0 | 2.41 | 390.96 | 393.37 | NOTE | |
r-release-macos-arm64 | 1.0.0 | 124.00 | NOTE | |||
r-release-windows-x86_64 | 1.0.0 | 5.00 | 253.00 | 258.00 | NOTE | |
r-oldrel-macos-arm64 | 1.0.0 | 124.00 | NOTE | |||
r-oldrel-macos-x86_64 | 1.0.0 | 223.00 | NOTE | |||
r-oldrel-windows-x86_64 | 1.0.0 | 7.00 | 373.00 | 380.00 | NOTE |
Version: 1.0.0
Check: LazyData
Result: NOTE
'LazyData' is specified without a 'data' directory
Flavors: r-devel-linux-x86_64-debian-clang, r-devel-linux-x86_64-debian-gcc, r-devel-linux-x86_64-fedora-clang, r-devel-linux-x86_64-fedora-gcc, r-devel-windows-x86_64, r-patched-linux-x86_64, r-release-linux-x86_64, r-release-macos-arm64, r-release-windows-x86_64, r-oldrel-macos-arm64, r-oldrel-macos-x86_64, r-oldrel-windows-x86_64