Last updated on 2024-05-05 20:53:22 CEST.
Flavor | Version | Tinstall | Tcheck | Ttotal | Status | Flags |
---|---|---|---|---|---|---|
r-devel-linux-x86_64-debian-clang | 1.0 | 53.18 | 28.81 | 81.99 | NOTE | |
r-devel-linux-x86_64-debian-gcc | 1.0 | 48.60 | 21.63 | 70.23 | NOTE | |
r-devel-linux-x86_64-fedora-clang | 1.0 | 126.29 | NOTE | |||
r-devel-linux-x86_64-fedora-gcc | 1.0 | 127.68 | NOTE | |||
r-devel-windows-x86_64 | 1.0 | 45.00 | 64.00 | 109.00 | NOTE | |
r-patched-linux-x86_64 | 1.0 | 48.17 | 27.27 | 75.44 | NOTE | |
r-release-linux-x86_64 | 1.0 | 55.35 | 26.81 | 82.16 | NOTE | |
r-release-macos-arm64 | 1.0 | 32.00 | NOTE | |||
r-release-windows-x86_64 | 1.0 | 46.00 | 65.00 | 111.00 | NOTE | |
r-oldrel-macos-arm64 | 1.0 | 33.00 | NOTE | |||
r-oldrel-macos-x86_64 | 1.0 | 56.00 | NOTE | |||
r-oldrel-windows-x86_64 | 1.0 | 57.00 | 70.00 | 127.00 | NOTE |
Version: 1.0
Check: C++ specification
Result: NOTE
Specified C++11: please drop specification unless essential
Flavors: r-devel-linux-x86_64-debian-clang, r-devel-linux-x86_64-debian-gcc, r-devel-linux-x86_64-fedora-clang, r-devel-linux-x86_64-fedora-gcc, r-devel-windows-x86_64, r-patched-linux-x86_64, r-release-linux-x86_64, r-release-macos-arm64, r-release-windows-x86_64, r-oldrel-macos-arm64, r-oldrel-macos-x86_64, r-oldrel-windows-x86_64