Last updated on 2024-05-05 20:53:26 CEST.
Flavor | Version | Tinstall | Tcheck | Ttotal | Status | Flags |
---|---|---|---|---|---|---|
r-devel-linux-x86_64-debian-clang | 1.1.1 | 23.78 | 552.93 | 576.71 | OK | |
r-devel-linux-x86_64-debian-gcc | 1.1.1 | 20.38 | 385.72 | 406.10 | OK | |
r-devel-linux-x86_64-fedora-clang | 1.1.1 | 697.44 | OK | |||
r-devel-linux-x86_64-fedora-gcc | 1.1.1 | 678.94 | OK | |||
r-devel-windows-x86_64 | 1.1.1 | 16.00 | 322.00 | 338.00 | OK | |
r-patched-linux-x86_64 | 1.1.1 | 0.45 | 2.29 | 2.74 | ERROR | |
r-release-linux-x86_64 | 1.1.1 | 0.50 | 2.14 | 2.64 | ERROR | |
r-release-macos-arm64 | 1.1.1 | 151.00 | OK | |||
r-release-windows-x86_64 | 1.1.1 | 16.00 | 328.00 | 344.00 | OK | |
r-oldrel-macos-arm64 | 1.1.1 | 176.00 | OK | |||
r-oldrel-macos-x86_64 | 1.1.1 | 381.00 | OK | |||
r-oldrel-windows-x86_64 | 1.1.1 | 21.00 | 471.00 | 492.00 | OK |
Version: 1.1.1
Check: package dependencies
Result: ERROR
Package required but not available: ‘RBesT’
See section ‘The DESCRIPTION file’ in the ‘Writing R Extensions’
manual.
Flavor: r-patched-linux-x86_64
Version: 1.1.1
Check: package dependencies
Result: ERROR
Package required but not available: ‘RBesT’
Package suggested but not available for checking: ‘rstanarm’
See section ‘The DESCRIPTION file’ in the ‘Writing R Extensions’
manual.
Flavor: r-release-linux-x86_64