Last updated on 2024-05-05 20:53:27 CEST.
Flavor | Version | Tinstall | Tcheck | Ttotal | Status | Flags |
---|---|---|---|---|---|---|
r-devel-linux-x86_64-debian-clang | 0.0.8 | 42.58 | 50.47 | 93.05 | OK | |
r-devel-linux-x86_64-debian-gcc | 0.0.8 | 32.33 | 39.23 | 71.56 | OK | |
r-devel-linux-x86_64-fedora-clang | 0.0.8 | 130.66 | OK | |||
r-devel-linux-x86_64-fedora-gcc | 0.0.8 | 130.45 | OK | |||
r-devel-windows-x86_64 | 0.0.8 | 33.00 | 87.00 | 120.00 | NOTE | |
r-patched-linux-x86_64 | 0.0.8 | 36.12 | 50.43 | 86.55 | OK | |
r-release-linux-x86_64 | 0.0.8 | 38.69 | 47.87 | 86.56 | OK | |
r-release-macos-arm64 | 0.0.8 | 41.00 | OK | |||
r-release-windows-x86_64 | 0.0.8 | 34.00 | 86.00 | 120.00 | NOTE | |
r-oldrel-macos-arm64 | 0.0.8 | 43.00 | OK | |||
r-oldrel-macos-x86_64 | 0.0.8 | 66.00 | OK | |||
r-oldrel-windows-x86_64 | 0.0.8 | 44.00 | 100.00 | 144.00 | NOTE |
Version: 0.0.8
Check: package dependencies
Result: NOTE
Package suggested but not available for checking: 'doMC'
Flavors: r-devel-windows-x86_64, r-release-windows-x86_64, r-oldrel-windows-x86_64