Last updated on 2024-05-02 14:54:15 CEST.
Flavor | Version | Tinstall | Tcheck | Ttotal | Status | Flags |
---|---|---|---|---|---|---|
r-devel-linux-x86_64-debian-clang | 1.0.5 | 65.50 | 45.71 | 111.21 | NOTE | |
r-devel-linux-x86_64-debian-gcc | 1.0.5 | 57.89 | 34.54 | 92.43 | NOTE | |
r-devel-linux-x86_64-fedora-clang | 1.0.5 | 143.22 | NOTE | |||
r-devel-linux-x86_64-fedora-gcc | 1.0.5 | 170.45 | NOTE | |||
r-devel-windows-x86_64 | 1.0.5 | 53.00 | 78.00 | 131.00 | NOTE | |
r-patched-linux-x86_64 | 1.0.5 | 69.48 | 43.09 | 112.57 | NOTE | |
r-release-linux-x86_64 | 1.0.5 | 65.55 | 43.77 | 109.32 | NOTE | |
r-release-macos-arm64 | 1.0.5 | 35.00 | NOTE | |||
r-release-windows-x86_64 | 1.0.5 | 54.00 | 79.00 | 133.00 | NOTE | |
r-oldrel-macos-arm64 | 1.0.5 | 44.00 | NOTE | |||
r-oldrel-macos-x86_64 | 1.0.5 | 69.00 | NOTE | |||
r-oldrel-windows-x86_64 | 1.0.5 | 62.00 | 88.00 | 150.00 | NOTE |
Version: 1.0.5
Check: C++ specification
Result: NOTE
Specified C++11: please drop specification unless essential
Flavors: r-devel-linux-x86_64-debian-clang, r-devel-linux-x86_64-debian-gcc, r-devel-linux-x86_64-fedora-clang, r-devel-linux-x86_64-fedora-gcc, r-devel-windows-x86_64, r-patched-linux-x86_64, r-release-linux-x86_64, r-release-macos-arm64, r-release-windows-x86_64, r-oldrel-macos-arm64, r-oldrel-macos-x86_64, r-oldrel-windows-x86_64
Version: 1.0.5
Check: installed package size
Result: NOTE
installed size is 5.6Mb
sub-directories of 1Mb or more:
libs 5.3Mb
Flavors: r-release-macos-arm64, r-oldrel-macos-arm64, r-oldrel-macos-x86_64