Last updated on 2024-05-05 20:53:30 CEST.
Flavor | Version | Tinstall | Tcheck | Ttotal | Status | Flags |
---|---|---|---|---|---|---|
r-devel-linux-x86_64-debian-clang | 1.0.0 | 12.17 | 91.44 | 103.61 | OK | |
r-devel-linux-x86_64-debian-gcc | 1.0.0 | 11.60 | 67.06 | 78.66 | OK | |
r-devel-linux-x86_64-fedora-clang | 1.0.0 | 125.04 | NOTE | |||
r-devel-linux-x86_64-fedora-gcc | 1.0.0 | 134.82 | NOTE | |||
r-devel-windows-x86_64 | 1.0.0 | 12.00 | 190.00 | 202.00 | OK | |
r-patched-linux-x86_64 | 1.0.0 | 10.66 | 83.89 | 94.55 | OK | |
r-release-linux-x86_64 | 1.0.0 | 13.14 | 86.37 | 99.51 | OK | |
r-release-macos-arm64 | 1.0.0 | 46.00 | NOTE | |||
r-release-windows-x86_64 | 1.0.0 | 14.00 | 193.00 | 207.00 | OK | |
r-oldrel-macos-arm64 | 1.0.0 | 48.00 | OK | |||
r-oldrel-macos-x86_64 | 1.0.0 | 74.00 | NOTE | |||
r-oldrel-windows-x86_64 | 1.0.0 | 15.00 | 178.00 | 193.00 | OK |
Version: 1.0.0
Check: dependencies in R code
Result: NOTE
Namespaces in Imports field not imported from:
‘MASS’ ‘Matrix’
All declared Imports should be used.
Flavors: r-devel-linux-x86_64-fedora-clang, r-devel-linux-x86_64-fedora-gcc
Version: 1.0.0
Check: installed package size
Result: NOTE
installed size is 5.1Mb
sub-directories of 1Mb or more:
data 5.0Mb
Flavors: r-release-macos-arm64, r-oldrel-macos-x86_64