Last updated on 2024-05-05 20:53:31 CEST.
Flavor | Version | Tinstall | Tcheck | Ttotal | Status | Flags |
---|---|---|---|---|---|---|
r-devel-linux-x86_64-debian-clang | 1.0 | 44.67 | 77.62 | 122.29 | NOTE | |
r-devel-linux-x86_64-debian-gcc | 1.0 | 30.54 | 55.69 | 86.23 | NOTE | |
r-devel-linux-x86_64-fedora-clang | 1.0 | 150.73 | NOTE | |||
r-devel-linux-x86_64-fedora-gcc | 1.0 | 117.55 | NOTE | |||
r-devel-windows-x86_64 | 1.0 | 32.00 | 95.00 | 127.00 | NOTE | |
r-patched-linux-x86_64 | 1.0 | 36.70 | 72.50 | 109.20 | NOTE | |
r-release-linux-x86_64 | 1.0 | 36.12 | 71.99 | 108.11 | NOTE | |
r-release-macos-arm64 | 1.0 | 39.00 | NOTE | |||
r-release-windows-x86_64 | 1.0 | 34.00 | 93.00 | 127.00 | NOTE | |
r-oldrel-macos-arm64 | 1.0 | 48.00 | NOTE | |||
r-oldrel-macos-x86_64 | 1.0 | 70.00 | NOTE | |||
r-oldrel-windows-x86_64 | 1.0 | 40.00 | 111.00 | 151.00 | NOTE |
Version: 1.0
Check: C++ specification
Result: NOTE
Specified C++11: please drop specification unless essential
Flavors: r-devel-linux-x86_64-debian-clang, r-devel-linux-x86_64-debian-gcc, r-devel-linux-x86_64-fedora-clang, r-devel-linux-x86_64-fedora-gcc, r-devel-windows-x86_64, r-patched-linux-x86_64, r-release-linux-x86_64, r-release-macos-arm64, r-release-windows-x86_64, r-oldrel-macos-arm64, r-oldrel-macos-x86_64, r-oldrel-windows-x86_64