Last updated on 2024-05-05 20:53:31 CEST.
Flavor | Version | Tinstall | Tcheck | Ttotal | Status | Flags |
---|---|---|---|---|---|---|
r-devel-linux-x86_64-debian-clang | 1.2.4 | 11.92 | 130.88 | 142.80 | OK | |
r-devel-linux-x86_64-debian-gcc | 1.2.4 | 9.60 | 95.03 | 104.63 | OK | |
r-devel-linux-x86_64-fedora-clang | 1.2.4 | 175.32 | NOTE | |||
r-devel-linux-x86_64-fedora-gcc | 1.2.4 | 184.95 | OK | |||
r-devel-windows-x86_64 | 1.2.4 | 12.00 | 113.00 | 125.00 | OK | |
r-patched-linux-x86_64 | 1.2.4 | 10.32 | 120.27 | 130.59 | OK | |
r-release-linux-x86_64 | 1.2.4 | 7.16 | 121.02 | 128.18 | OK | |
r-release-macos-arm64 | 1.2.4 | 55.00 | OK | |||
r-release-windows-x86_64 | 1.2.4 | 12.00 | 114.00 | 126.00 | OK | |
r-oldrel-macos-arm64 | 1.2.4 | 56.00 | OK | |||
r-oldrel-macos-x86_64 | 1.2.4 | 81.00 | OK | |||
r-oldrel-windows-x86_64 | 1.2.4 | 13.00 | 131.00 | 144.00 | OK |
Version: 1.2.4
Check: Rd cross-references
Result: NOTE
Undeclared package ‘tibble’ in Rd xrefs
Flavor: r-devel-linux-x86_64-fedora-clang