Last updated on 2024-05-05 20:53:31 CEST.
Flavor | Version | Tinstall | Tcheck | Ttotal | Status | Flags |
---|---|---|---|---|---|---|
r-devel-linux-x86_64-debian-clang | 0.2.1 | 452.73 | 487.65 | 940.38 | OK | |
r-devel-linux-x86_64-debian-gcc | 0.2.1 | 363.80 | 328.11 | 691.91 | OK | |
r-devel-linux-x86_64-fedora-clang | 0.2.1 | 1235.84 | OK | |||
r-devel-linux-x86_64-fedora-gcc | 0.2.1 | 1249.28 | OK | |||
r-devel-windows-x86_64 | 0.2.1 | 328.00 | 335.00 | 663.00 | OK | |
r-patched-linux-x86_64 | 0.2.1 | 442.46 | 470.60 | 913.06 | OK | |
r-release-linux-x86_64 | 0.2.1 | 333.41 | 458.38 | 791.79 | OK | |
r-release-macos-arm64 | 0.2.1 | 238.00 | NOTE | |||
r-release-macos-x86_64 | 0.2.1 | 559.00 | NOTE | |||
r-release-windows-x86_64 | 0.2.1 | 315.00 | 331.00 | 646.00 | OK | |
r-oldrel-macos-arm64 | 0.2.1 | 243.00 | NOTE | |||
r-oldrel-macos-x86_64 | 0.2.1 | 492.00 | NOTE | |||
r-oldrel-windows-x86_64 | 0.2.1 | 398.00 | 442.00 | 840.00 | OK |
Version: 0.2.1
Check: installed package size
Result: NOTE
installed size is 58.1Mb
sub-directories of 1Mb or more:
libs 57.2Mb
Flavors: r-release-macos-arm64, r-release-macos-x86_64, r-oldrel-macos-arm64, r-oldrel-macos-x86_64