Last updated on 2024-05-05 20:53:05 CEST.
Flavor | Version | Tinstall | Tcheck | Ttotal | Status | Flags |
---|---|---|---|---|---|---|
r-devel-linux-x86_64-debian-clang | 1.2.1 | 17.06 | 125.22 | 142.28 | NOTE | |
r-devel-linux-x86_64-debian-gcc | 1.2.1 | 12.37 | 89.91 | 102.28 | NOTE | |
r-devel-linux-x86_64-fedora-clang | 1.2.1 | 173.60 | NOTE | |||
r-devel-linux-x86_64-fedora-gcc | 1.2.1 | 171.45 | NOTE | |||
r-devel-windows-x86_64 | 1.2.1 | 14.00 | 111.00 | 125.00 | NOTE | |
r-patched-linux-x86_64 | 1.2.1 | 10.12 | 116.46 | 126.58 | NOTE | |
r-release-linux-x86_64 | 1.2.1 | 11.00 | 118.98 | 129.98 | NOTE | |
r-release-macos-arm64 | 1.2.1 | 45.00 | NOTE | |||
r-release-windows-x86_64 | 1.2.1 | 14.00 | 113.00 | 127.00 | NOTE | |
r-oldrel-macos-arm64 | 1.2.1 | 47.00 | NOTE | |||
r-oldrel-macos-x86_64 | 1.2.1 | 72.00 | NOTE | |||
r-oldrel-windows-x86_64 | 1.2.1 | 18.00 | 138.00 | 156.00 | NOTE |
Version: 1.2.1
Check: LazyData
Result: NOTE
'LazyData' is specified without a 'data' directory
Flavors: r-devel-linux-x86_64-debian-clang, r-devel-linux-x86_64-debian-gcc, r-devel-linux-x86_64-fedora-clang, r-devel-linux-x86_64-fedora-gcc, r-devel-windows-x86_64, r-patched-linux-x86_64, r-release-linux-x86_64, r-release-macos-arm64, r-release-windows-x86_64, r-oldrel-macos-arm64, r-oldrel-macos-x86_64, r-oldrel-windows-x86_64