Last updated on 2024-05-05 20:53:05 CEST.
Flavor | Version | Tinstall | Tcheck | Ttotal | Status | Flags |
---|---|---|---|---|---|---|
r-devel-linux-x86_64-debian-clang | 0.5-3 | 13.42 | 92.72 | 106.14 | OK | |
r-devel-linux-x86_64-debian-gcc | 0.5-3 | 8.69 | 68.96 | 77.65 | OK | |
r-devel-linux-x86_64-fedora-clang | 0.5-3 | 146.42 | NOTE | |||
r-devel-linux-x86_64-fedora-gcc | 0.5-3 | 136.96 | OK | |||
r-devel-windows-x86_64 | 0.5-3 | 10.00 | 81.00 | 91.00 | OK | |
r-patched-linux-x86_64 | 0.5-3 | 8.08 | 88.77 | 96.85 | OK | |
r-release-linux-x86_64 | 0.5-3 | 11.88 | 96.26 | 108.14 | OK | |
r-release-macos-arm64 | 0.5-3 | 39.00 | OK | |||
r-release-windows-x86_64 | 0.5-3 | 10.00 | 81.00 | 91.00 | OK | |
r-oldrel-macos-arm64 | 0.5-3 | 45.00 | OK | |||
r-oldrel-macos-x86_64 | 0.5-3 | 75.00 | NOTE | |||
r-oldrel-windows-x86_64 | 0.5-3 | 14.00 | 99.00 | 113.00 | OK |
Version: 0.5-3
Check: Rd cross-references
Result: NOTE
Undeclared packages ‘epiR’, ‘cccrm’ in Rd xrefs
Flavor: r-devel-linux-x86_64-fedora-clang
Version: 0.5-3
Check: Rd cross-references
Result: NOTE
Package unavailable to check Rd xrefs: ‘epiR’
Flavor: r-oldrel-macos-x86_64