Last updated on 2024-05-05 20:53:06 CEST.
Flavor | Version | Tinstall | Tcheck | Ttotal | Status | Flags |
---|---|---|---|---|---|---|
r-devel-linux-x86_64-debian-clang | 0.1.3 | 234.53 | 197.18 | 431.71 | OK | |
r-devel-linux-x86_64-debian-gcc | 0.1.4 | 176.84 | 147.20 | 324.04 | OK | |
r-devel-linux-x86_64-fedora-clang | 0.1.4 | 618.32 | OK | |||
r-devel-linux-x86_64-fedora-gcc | 0.1.3 | 648.55 | OK | |||
r-devel-windows-x86_64 | 0.1.4 | 147.00 | 177.00 | 324.00 | OK | |
r-patched-linux-x86_64 | 0.1.3 | 230.92 | 187.04 | 417.96 | OK | |
r-release-linux-x86_64 | 0.1.4 | 226.10 | 187.95 | 414.05 | OK | |
r-release-macos-arm64 | 0.1.4 | 161.00 | NOTE | |||
r-release-macos-x86_64 | 0.1.4 | 283.00 | NOTE | |||
r-release-windows-x86_64 | 0.1.4 | 165.00 | 169.00 | 334.00 | OK | |
r-oldrel-macos-arm64 | 0.1.4 | 129.00 | NOTE | |||
r-oldrel-macos-x86_64 | 0.1.4 | 244.00 | NOTE | |||
r-oldrel-windows-x86_64 | 0.1.3 | 212.00 | 198.00 | 410.00 | OK |
Version: 0.1.4
Check: installed package size
Result: NOTE
installed size is 10.4Mb
sub-directories of 1Mb or more:
libs 8.9Mb
Flavors: r-release-macos-arm64, r-release-macos-x86_64, r-oldrel-macos-arm64, r-oldrel-macos-x86_64