Last updated on 2024-05-05 20:53:07 CEST.
Flavor | Version | Tinstall | Tcheck | Ttotal | Status | Flags |
---|---|---|---|---|---|---|
r-devel-linux-x86_64-debian-clang | 3.3 | 5.21 | 32.61 | 37.82 | OK | |
r-devel-linux-x86_64-debian-gcc | 3.3 | 3.56 | 25.51 | 29.07 | OK | |
r-devel-linux-x86_64-fedora-clang | 3.3 | 46.96 | NOTE | |||
r-devel-linux-x86_64-fedora-gcc | 3.3 | 44.93 | NOTE | |||
r-devel-windows-x86_64 | 3.3 | 6.00 | 51.00 | 57.00 | OK | |
r-patched-linux-x86_64 | 3.3 | 3.91 | 31.74 | 35.65 | OK | |
r-release-linux-x86_64 | 3.3 | 3.92 | 31.79 | 35.71 | OK | |
r-release-macos-arm64 | 3.3 | 19.00 | OK | |||
r-release-windows-x86_64 | 3.3 | 6.00 | 52.00 | 58.00 | OK | |
r-oldrel-macos-arm64 | 3.3 | 20.00 | OK | |||
r-oldrel-macos-x86_64 | 3.3 | 28.00 | OK | |||
r-oldrel-windows-x86_64 | 3.3 | 7.00 | 54.00 | 61.00 | OK |
Version: 3.3
Check: compiled code
Result: NOTE
File ‘betategarch/libs/betategarch.so’:
Found no calls to: ‘R_registerRoutines’, ‘R_useDynamicSymbols’
It is good practice to register native routines and to disable symbol
search.
See ‘Writing portable packages’ in the ‘Writing R Extensions’ manual.
Flavors: r-devel-linux-x86_64-fedora-clang, r-devel-linux-x86_64-fedora-gcc