Last updated on 2024-05-02 14:53:50 CEST.
Flavor | Version | Tinstall | Tcheck | Ttotal | Status | Flags |
---|---|---|---|---|---|---|
r-devel-linux-x86_64-debian-clang | 0.6.10 | 2.13 | 27.42 | 29.55 | NOTE | |
r-devel-linux-x86_64-debian-gcc | 0.6.10 | 1.53 | 20.87 | 22.40 | NOTE | |
r-devel-linux-x86_64-fedora-clang | 0.6.10 | 39.00 | NOTE | |||
r-devel-linux-x86_64-fedora-gcc | 0.6.10 | 53.89 | NOTE | |||
r-devel-windows-x86_64 | 0.6.10 | 3.00 | 43.00 | 46.00 | NOTE | |
r-patched-linux-x86_64 | 0.6.10 | 1.61 | 26.38 | 27.99 | NOTE | |
r-release-linux-x86_64 | 0.6.10 | 1.86 | 26.37 | 28.23 | NOTE | |
r-release-macos-arm64 | 0.6.10 | 22.00 | NOTE | |||
r-release-windows-x86_64 | 0.6.10 | 2.00 | 43.00 | 45.00 | NOTE | |
r-oldrel-macos-arm64 | 0.6.10 | 23.00 | NOTE | |||
r-oldrel-macos-x86_64 | 0.6.10 | 29.00 | NOTE | |||
r-oldrel-windows-x86_64 | 0.6.10 | 3.00 | 42.00 | 45.00 | NOTE |
Version: 0.6.10
Check: LazyData
Result: NOTE
'LazyData' is specified without a 'data' directory
Flavors: r-devel-linux-x86_64-debian-clang, r-devel-linux-x86_64-debian-gcc, r-devel-linux-x86_64-fedora-clang, r-devel-linux-x86_64-fedora-gcc, r-devel-windows-x86_64, r-patched-linux-x86_64, r-release-linux-x86_64, r-release-macos-arm64, r-release-windows-x86_64, r-oldrel-macos-arm64, r-oldrel-macos-x86_64, r-oldrel-windows-x86_64