Last updated on 2024-05-02 02:57:37 CEST.
Flavor | Version | Tinstall | Tcheck | Ttotal | Status | Flags |
---|---|---|---|---|---|---|
r-devel-linux-x86_64-debian-clang | 0.4.1 | 24.34 | 106.73 | 131.07 | NOTE | |
r-devel-linux-x86_64-debian-gcc | 0.4.1 | 15.95 | 75.77 | 91.72 | NOTE | |
r-devel-linux-x86_64-fedora-clang | 0.4.1 | 172.60 | NOTE | |||
r-devel-linux-x86_64-fedora-gcc | 0.4.1 | 171.59 | NOTE | |||
r-devel-windows-x86_64 | 0.4.1 | 18.00 | 102.00 | 120.00 | NOTE | |
r-patched-linux-x86_64 | 0.4.1 | 23.89 | 102.33 | 126.22 | NOTE | |
r-release-linux-x86_64 | 0.4.1 | 22.89 | 103.33 | 126.22 | NOTE | |
r-release-macos-arm64 | 0.4.1 | 48.00 | NOTE | |||
r-release-windows-x86_64 | 0.4.1 | 20.00 | 105.00 | 125.00 | NOTE | |
r-oldrel-macos-arm64 | 0.4.1 | 52.00 | NOTE | |||
r-oldrel-macos-x86_64 | 0.4.1 | 84.00 | NOTE | |||
r-oldrel-windows-x86_64 | 0.4.1 | 17.00 | 124.00 | 141.00 | NOTE |
Version: 0.4.1
Check: C++ specification
Result: NOTE
Specified C++11: please drop specification unless essential
Flavors: r-devel-linux-x86_64-debian-clang, r-devel-linux-x86_64-debian-gcc, r-devel-linux-x86_64-fedora-clang, r-devel-linux-x86_64-fedora-gcc, r-devel-windows-x86_64, r-patched-linux-x86_64, r-release-linux-x86_64, r-release-macos-arm64, r-release-windows-x86_64, r-oldrel-macos-arm64, r-oldrel-macos-x86_64, r-oldrel-windows-x86_64