Last updated on 2024-04-27 11:48:43 CEST.
Flavor | Version | Tinstall | Tcheck | Ttotal | Status | Flags |
---|---|---|---|---|---|---|
r-devel-linux-x86_64-debian-clang | 0.1.1 | 1.83 | 29.82 | 31.65 | NOTE | |
r-devel-linux-x86_64-debian-gcc | 0.1.1 | 1.84 | 23.61 | 25.45 | NOTE | |
r-devel-linux-x86_64-fedora-clang | 0.1.1 | 42.71 | NOTE | |||
r-devel-linux-x86_64-fedora-gcc | 0.1.1 | 52.41 | NOTE | |||
r-devel-windows-x86_64 | 0.1.1 | 3.00 | 46.00 | 49.00 | OK | |
r-patched-linux-x86_64 | 0.1.1 | 2.40 | 29.81 | 32.21 | NOTE | |
r-release-linux-x86_64 | 0.1.1 | 1.95 | 28.63 | 30.58 | NOTE | |
r-release-macos-arm64 | 0.1.1 | 24.00 | OK | |||
r-release-windows-x86_64 | 0.1.1 | 3.00 | 45.00 | 48.00 | OK | |
r-oldrel-macos-arm64 | 0.1.1 | 24.00 | OK | |||
r-oldrel-macos-x86_64 | 0.1.1 | 33.00 | OK | |||
r-oldrel-windows-x86_64 | 0.1.1 | 4.00 | 45.00 | 49.00 | OK |
Version: 0.1.1
Check: for non-standard things in the check directory
Result: NOTE
Found the following files/directories:
‘my new data set.rds’
Flavors: r-devel-linux-x86_64-debian-clang, r-devel-linux-x86_64-debian-gcc, r-devel-linux-x86_64-fedora-clang, r-devel-linux-x86_64-fedora-gcc, r-patched-linux-x86_64, r-release-linux-x86_64