Last updated on 2024-05-05 20:53:11 CEST.
Flavor | Version | Tinstall | Tcheck | Ttotal | Status | Flags |
---|---|---|---|---|---|---|
r-devel-linux-x86_64-debian-clang | 2.0.6 | 9.29 | 56.93 | 66.22 | OK | |
r-devel-linux-x86_64-debian-gcc | 2.0.6 | 5.10 | 41.72 | 46.82 | OK | |
r-devel-linux-x86_64-fedora-clang | 2.0.6 | 80.83 | NOTE | |||
r-devel-linux-x86_64-fedora-gcc | 2.0.6 | 76.05 | NOTE | |||
r-devel-windows-x86_64 | 2.0.6 | 6.00 | 72.00 | 78.00 | OK | |
r-patched-linux-x86_64 | 2.0.6 | 6.09 | 53.93 | 60.02 | OK | |
r-release-linux-x86_64 | 2.0.6 | 7.18 | 52.43 | 59.61 | OK | |
r-release-macos-arm64 | 2.0.6 | 23.00 | OK | |||
r-release-windows-x86_64 | 2.0.6 | 7.00 | 70.00 | 77.00 | OK | |
r-oldrel-macos-arm64 | 2.0.6 | 25.00 | OK | |||
r-oldrel-macos-x86_64 | 2.0.6 | 42.00 | OK | |||
r-oldrel-windows-x86_64 | 2.0.6 | 6.00 | 73.00 | 79.00 | OK |
Version: 2.0.6
Check: dependencies in R code
Result: NOTE
Namespace in Imports field not imported from: ‘truncnorm’
All declared Imports should be used.
Flavors: r-devel-linux-x86_64-fedora-clang, r-devel-linux-x86_64-fedora-gcc