Last updated on 2024-05-05 20:53:11 CEST.
Flavor | Version | Tinstall | Tcheck | Ttotal | Status | Flags |
---|---|---|---|---|---|---|
r-devel-linux-x86_64-debian-clang | 1.2.0 | 2.52 | 26.52 | 29.04 | NOTE | |
r-devel-linux-x86_64-debian-gcc | 1.2.0 | 2.36 | 19.85 | 22.21 | NOTE | |
r-devel-linux-x86_64-fedora-clang | 1.2.0 | 37.25 | NOTE | |||
r-devel-linux-x86_64-fedora-gcc | 1.2.0 | 34.43 | NOTE | |||
r-devel-windows-x86_64 | 1.2.0 | 4.00 | 39.00 | 43.00 | NOTE | |
r-patched-linux-x86_64 | 1.2.0 | 3.14 | 24.78 | 27.92 | NOTE | |
r-release-linux-x86_64 | 1.2.0 | 2.69 | 24.31 | 27.00 | NOTE | |
r-release-macos-arm64 | 1.2.0 | 15.00 | NOTE | |||
r-release-windows-x86_64 | 1.2.0 | 4.00 | 40.00 | 44.00 | NOTE | |
r-oldrel-macos-arm64 | 1.2.0 | 16.00 | OK | |||
r-oldrel-macos-x86_64 | 1.2.0 | 22.00 | OK | |||
r-oldrel-windows-x86_64 | 1.2.0 | 4.00 | 41.00 | 45.00 | OK |
Version: 1.2.0
Check: Rd files
Result: NOTE
checkRd: (-1) items_ordered_eclsk_atl.Rd:23: Lost braces; missing escapes or markup?
23 | \item \code{P4SRS10}: Keep working at something until {he/she} is finished?
| ^
Flavors: r-devel-linux-x86_64-debian-clang, r-devel-linux-x86_64-debian-gcc, r-devel-linux-x86_64-fedora-clang, r-devel-linux-x86_64-fedora-gcc, r-devel-windows-x86_64, r-patched-linux-x86_64, r-release-linux-x86_64, r-release-macos-arm64, r-release-windows-x86_64