Last updated on 2024-05-02 02:57:40 CEST.
Flavor | Version | Tinstall | Tcheck | Ttotal | Status | Flags |
---|---|---|---|---|---|---|
r-devel-linux-x86_64-debian-clang | 2.5 | 7.42 | 87.35 | 94.77 | OK | |
r-devel-linux-x86_64-debian-gcc | 2.5 | 6.68 | 63.40 | 70.08 | OK | |
r-devel-linux-x86_64-fedora-clang | 2.5 | 121.39 | OK | |||
r-devel-linux-x86_64-fedora-gcc | 2.5 | 117.80 | OK | |||
r-devel-windows-x86_64 | 2.5 | 11.00 | 88.00 | 99.00 | OK | |
r-patched-linux-x86_64 | 2.5 | 5.45 | 83.08 | 88.53 | OK | |
r-release-linux-x86_64 | 2.5 | 8.92 | 82.88 | 91.80 | OK | |
r-release-macos-arm64 | 2.5 | 33.00 | OK | |||
r-release-windows-x86_64 | 2.5 | 9.00 | 86.00 | 95.00 | OK | |
r-oldrel-macos-arm64 | 2.5 | 39.00 | OK | |||
r-oldrel-macos-x86_64 | 2.5 | 56.00 | NOTE | |||
r-oldrel-windows-x86_64 | 2.5 | 11.00 | 101.00 | 112.00 | OK |
Version: 2.5
Check: package dependencies
Result: NOTE
Package suggested but not available for checking: ‘Mcomp’
Flavor: r-oldrel-macos-x86_64