Last updated on 2024-05-05 20:53:14 CEST.
Flavor | Version | Tinstall | Tcheck | Ttotal | Status | Flags |
---|---|---|---|---|---|---|
r-devel-linux-x86_64-debian-clang | 0.0.112 | 12.31 | 71.21 | 83.52 | OK | |
r-devel-linux-x86_64-debian-gcc | 0.0.112 | 10.20 | 51.38 | 61.58 | OK | |
r-devel-linux-x86_64-fedora-clang | 0.0.112 | 103.46 | NOTE | |||
r-devel-linux-x86_64-fedora-gcc | 0.0.112 | 105.73 | NOTE | |||
r-devel-windows-x86_64 | 0.0.112 | 14.00 | 73.00 | 87.00 | OK | |
r-patched-linux-x86_64 | 0.0.112 | 9.74 | 67.79 | 77.53 | OK | |
r-release-linux-x86_64 | 0.0.112 | 7.85 | 68.02 | 75.87 | OK | |
r-release-macos-arm64 | 0.0.112 | 35.00 | OK | |||
r-release-windows-x86_64 | 0.0.112 | 13.00 | 70.00 | 83.00 | OK | |
r-oldrel-macos-arm64 | 0.0.112 | 37.00 | OK | |||
r-oldrel-macos-x86_64 | 0.0.112 | 59.00 | OK | |||
r-oldrel-windows-x86_64 | 0.0.112 | 17.00 | 80.00 | 97.00 | OK |
Version: 0.0.112
Check: dependencies in R code
Result: NOTE
Namespace in Imports field not imported from: ‘rnaturalearthdata’
All declared Imports should be used.
Flavors: r-devel-linux-x86_64-fedora-clang, r-devel-linux-x86_64-fedora-gcc
Version: 0.0.112
Check: data for non-ASCII characters
Result: NOTE
Note: found 1191 marked UTF-8 strings
Flavors: r-devel-linux-x86_64-fedora-clang, r-devel-linux-x86_64-fedora-gcc