Last updated on 2024-05-05 20:53:16 CEST.
Flavor | Version | Tinstall | Tcheck | Ttotal | Status | Flags |
---|---|---|---|---|---|---|
r-devel-linux-x86_64-debian-clang | 1.4.1 | 0.54 | 2.03 | 2.57 | ERROR | |
r-devel-linux-x86_64-debian-gcc | 1.4.1 | 28.48 | 208.92 | 237.40 | OK | |
r-devel-linux-x86_64-fedora-clang | 1.4.1 | 429.19 | OK | |||
r-devel-linux-x86_64-fedora-gcc | 1.4.1 | 373.63 | OK | |||
r-devel-windows-x86_64 | 1.4.1 | 29.00 | 216.00 | 245.00 | OK | |
r-patched-linux-x86_64 | 1.4.1 | 23.24 | 274.81 | 298.05 | OK | |
r-release-linux-x86_64 | 1.4.1 | 21.72 | 271.20 | 292.92 | OK | |
r-release-macos-arm64 | 1.4.1 | 95.00 | OK | |||
r-release-macos-x86_64 | 1.4.1 | 193.00 | OK | |||
r-release-windows-x86_64 | 1.4.1 | 30.00 | 204.00 | 234.00 | OK | |
r-oldrel-macos-arm64 | 1.4.1 | 96.00 | OK | |||
r-oldrel-macos-x86_64 | 1.4.1 | 193.00 | OK | |||
r-oldrel-windows-x86_64 | 1.4.1 | 39.00 | 253.00 | 292.00 | OK |
Version: 1.4.1
Check: package dependencies
Result: ERROR
Package required but not available: ‘biomaRt’
See section ‘The DESCRIPTION file’ in the ‘Writing R Extensions’
manual.
Flavor: r-devel-linux-x86_64-debian-clang