Last updated on 2024-05-05 20:53:16 CEST.
Flavor | Version | Tinstall | Tcheck | Ttotal | Status | Flags |
---|---|---|---|---|---|---|
r-devel-linux-x86_64-debian-clang | 0.9.4 | 6.87 | 176.72 | 183.59 | NOTE | |
r-devel-linux-x86_64-debian-gcc | 0.9.4 | 5.30 | 120.23 | 125.53 | NOTE | |
r-devel-linux-x86_64-fedora-clang | 0.9.4 | 224.12 | NOTE | |||
r-devel-linux-x86_64-fedora-gcc | 0.9.4 | 218.39 | NOTE | |||
r-devel-windows-x86_64 | 0.9.4 | 7.00 | 125.00 | 132.00 | NOTE | |
r-patched-linux-x86_64 | 0.9.4 | 6.45 | 165.01 | 171.46 | NOTE | |
r-release-linux-x86_64 | 0.9.4 | 5.29 | 167.08 | 172.37 | NOTE | |
r-release-macos-arm64 | 0.9.4 | 56.00 | NOTE | |||
r-release-windows-x86_64 | 0.9.4 | 8.00 | 129.00 | 137.00 | NOTE | |
r-oldrel-macos-arm64 | 0.9.4 | 66.00 | NOTE | |||
r-oldrel-macos-x86_64 | 0.9.4 | 109.00 | NOTE | |||
r-oldrel-windows-x86_64 | 0.9.4 | 9.00 | 164.00 | 173.00 | NOTE |
Version: 0.9.4
Check: LazyData
Result: NOTE
'LazyData' is specified without a 'data' directory
Flavors: r-devel-linux-x86_64-debian-clang, r-devel-linux-x86_64-debian-gcc, r-devel-linux-x86_64-fedora-clang, r-devel-linux-x86_64-fedora-gcc, r-devel-windows-x86_64, r-patched-linux-x86_64, r-release-linux-x86_64, r-release-macos-arm64, r-release-windows-x86_64, r-oldrel-macos-arm64, r-oldrel-macos-x86_64, r-oldrel-windows-x86_64