Last updated on 2024-05-05 20:53:17 CEST.
Flavor | Version | Tinstall | Tcheck | Ttotal | Status | Flags |
---|---|---|---|---|---|---|
r-devel-linux-x86_64-debian-clang | 1.0.11 | 94.23 | 169.51 | 263.74 | OK | |
r-devel-linux-x86_64-debian-gcc | 1.0.11 | 86.67 | 122.43 | 209.10 | OK | |
r-devel-linux-x86_64-fedora-clang | 1.0.11 | 330.21 | OK | |||
r-devel-linux-x86_64-fedora-gcc | 1.0.11 | 373.67 | OK | |||
r-devel-windows-x86_64 | 1.0.11 | 67.00 | 156.00 | 223.00 | OK | |
r-patched-linux-x86_64 | 1.0.11 | 102.11 | 161.00 | 263.11 | OK | |
r-release-linux-x86_64 | 1.0.11 | 107.27 | 165.01 | 272.28 | OK | |
r-release-macos-arm64 | 1.0.11 | 84.00 | NOTE | |||
r-release-windows-x86_64 | 1.0.11 | 67.00 | 157.00 | 224.00 | OK | |
r-oldrel-macos-arm64 | 1.0.11 | 112.00 | NOTE | |||
r-oldrel-macos-x86_64 | 1.0.11 | 296.00 | NOTE | |||
r-oldrel-windows-x86_64 | 1.0.11 | 61.00 | 186.00 | 247.00 | OK |
Version: 1.0.11
Check: installed package size
Result: NOTE
installed size is 33.7Mb
sub-directories of 1Mb or more:
doc 1.7Mb
libs 31.7Mb
Flavors: r-release-macos-arm64, r-oldrel-macos-arm64, r-oldrel-macos-x86_64