Last updated on 2024-05-05 20:53:18 CEST.
Flavor | Version | Tinstall | Tcheck | Ttotal | Status | Flags |
---|---|---|---|---|---|---|
r-devel-linux-x86_64-debian-clang | 0.0.1 | 6.59 | 34.99 | 41.58 | OK | |
r-devel-linux-x86_64-debian-gcc | 0.0.1 | 5.16 | 27.10 | 32.26 | OK | |
r-devel-linux-x86_64-fedora-clang | 0.0.1 | 52.18 | NOTE | |||
r-devel-linux-x86_64-fedora-gcc | 0.0.1 | 90.39 | NOTE | |||
r-devel-windows-x86_64 | 0.0.1 | 14.00 | 58.00 | 72.00 | OK | |
r-patched-linux-x86_64 | 0.0.1 | 6.04 | 33.73 | 39.77 | OK | |
r-release-linux-x86_64 | 0.0.1 | 4.80 | 33.85 | 38.65 | OK | |
r-release-macos-arm64 | 0.0.1 | 33.00 | OK | |||
r-release-windows-x86_64 | 0.0.1 | 13.00 | 55.00 | 68.00 | OK | |
r-oldrel-macos-arm64 | 0.0.1 | 36.00 | OK | |||
r-oldrel-macos-x86_64 | 0.0.1 | 52.00 | OK | |||
r-oldrel-windows-x86_64 | 0.0.1 | 17.00 | 57.00 | 74.00 | OK |
Version: 0.0.1
Check: dependencies in R code
Result: NOTE
Namespace in Imports field not imported from: ‘dplyr’
All declared Imports should be used.
Flavors: r-devel-linux-x86_64-fedora-clang, r-devel-linux-x86_64-fedora-gcc
Version: 0.0.1
Check: data for non-ASCII characters
Result: NOTE
Note: found 3058 marked UTF-8 strings
Flavors: r-devel-linux-x86_64-fedora-clang, r-devel-linux-x86_64-fedora-gcc