Last updated on 2024-05-05 20:53:18 CEST.
Flavor | Version | Tinstall | Tcheck | Ttotal | Status | Flags |
---|---|---|---|---|---|---|
r-devel-linux-x86_64-debian-clang | 2.9-10 | 20.15 | 357.39 | 377.54 | NOTE | |
r-devel-linux-x86_64-debian-gcc | 2.9-10 | 14.52 | 267.10 | 281.62 | OK | |
r-devel-linux-x86_64-fedora-clang | 2.9-10 | 510.36 | OK | |||
r-devel-linux-x86_64-fedora-gcc | 2.9-10 | 467.71 | OK | |||
r-devel-windows-x86_64 | 2.9-10 | 17.00 | 161.00 | 178.00 | OK | --no-vignettes |
r-patched-linux-x86_64 | 2.9-10 | 23.07 | 348.27 | 371.34 | OK | |
r-release-linux-x86_64 | 2.9-10 | 22.61 | 352.23 | 374.84 | OK | |
r-release-macos-arm64 | 2.9-10 | 149.00 | OK | |||
r-release-macos-x86_64 | 2.9-10 | 449.00 | OK | |||
r-release-windows-x86_64 | 2.9-10 | 19.00 | 172.00 | 191.00 | OK | --no-vignettes |
r-oldrel-macos-arm64 | 2.9-10 | 139.00 | OK | |||
r-oldrel-macos-x86_64 | 2.9-10 | 385.00 | OK | |||
r-oldrel-windows-x86_64 | 2.9-10 | 24.00 | 183.00 | 207.00 | OK | --no-vignettes |
Version: 2.9-10
Check: package dependencies
Result: NOTE
Package suggested but not available for checking: ‘kangar00’
Flavor: r-devel-linux-x86_64-debian-clang