Last updated on 2024-05-05 20:53:18 CEST.
Flavor | Version | Tinstall | Tcheck | Ttotal | Status | Flags |
---|---|---|---|---|---|---|
r-devel-linux-x86_64-debian-clang | 1.1.1 | 10.66 | 136.35 | 147.01 | OK | |
r-devel-linux-x86_64-debian-gcc | 1.1.1 | 9.27 | 99.78 | 109.05 | OK | |
r-devel-linux-x86_64-fedora-clang | 1.1.1 | 196.48 | NOTE | |||
r-devel-linux-x86_64-fedora-gcc | 1.1.1 | 273.56 | NOTE | |||
r-devel-windows-x86_64 | 1.1.1 | 10.00 | 114.00 | 124.00 | OK | |
r-patched-linux-x86_64 | 1.1.1 | 6.60 | 128.47 | 135.07 | OK | |
r-release-linux-x86_64 | 1.1.1 | 7.28 | 126.79 | 134.07 | OK | |
r-release-macos-arm64 | 1.1.1 | 99.00 | OK | |||
r-release-macos-x86_64 | 1.1.1 | 310.00 | OK | |||
r-release-windows-x86_64 | 1.1.1 | 11.00 | 115.00 | 126.00 | OK | |
r-oldrel-macos-arm64 | 1.1.1 | 102.00 | OK | |||
r-oldrel-macos-x86_64 | 1.1.1 | 318.00 | OK | |||
r-oldrel-windows-x86_64 | 1.1.1 | 14.00 | 139.00 | 153.00 | OK |
Version: 1.1.1
Check: data for non-ASCII characters
Result: NOTE
Note: found 496 marked UTF-8 strings
Flavors: r-devel-linux-x86_64-fedora-clang, r-devel-linux-x86_64-fedora-gcc