Last updated on 2024-05-05 20:53:19 CEST.
Flavor | Version | Tinstall | Tcheck | Ttotal | Status | Flags |
---|---|---|---|---|---|---|
r-devel-linux-x86_64-debian-clang | 2.0.2 | 35.17 | 521.26 | 556.43 | NOTE | |
r-devel-linux-x86_64-debian-gcc | 2.0.2 | 25.17 | 369.95 | 395.12 | NOTE | |
r-devel-linux-x86_64-fedora-clang | 2.0.2 | 680.17 | NOTE | |||
r-devel-linux-x86_64-fedora-gcc | 2.0.2 | 663.92 | NOTE | |||
r-devel-windows-x86_64 | 2.0.2 | 27.00 | 341.00 | 368.00 | NOTE | |
r-patched-linux-x86_64 | 2.0.2 | 27.26 | 510.49 | 537.75 | NOTE | |
r-release-linux-x86_64 | 2.0.2 | 29.91 | 509.04 | 538.95 | NOTE | |
r-release-macos-arm64 | 2.0.2 | 144.00 | NOTE | |||
r-release-windows-x86_64 | 2.0.2 | 29.00 | 313.00 | 342.00 | NOTE | |
r-oldrel-macos-arm64 | 2.0.2 | 176.00 | NOTE | |||
r-oldrel-macos-x86_64 | 2.0.2 | 291.00 | NOTE | |||
r-oldrel-windows-x86_64 | 2.0.2 | 38.00 | 452.00 | 490.00 | NOTE |
Version: 2.0.2
Check: LazyData
Result: NOTE
'LazyData' is specified without a 'data' directory
Flavors: r-devel-linux-x86_64-debian-clang, r-devel-linux-x86_64-debian-gcc, r-devel-linux-x86_64-fedora-clang, r-devel-linux-x86_64-fedora-gcc, r-devel-windows-x86_64, r-patched-linux-x86_64, r-release-linux-x86_64, r-release-macos-arm64, r-release-windows-x86_64, r-oldrel-macos-arm64, r-oldrel-macos-x86_64, r-oldrel-windows-x86_64
Version: 2.0.2
Check: dependencies in R code
Result: NOTE
Namespaces in Imports field not imported from:
‘boot’ ‘energy’
All declared Imports should be used.
Flavors: r-devel-linux-x86_64-fedora-clang, r-devel-linux-x86_64-fedora-gcc